 prime factors of o?
3, 13
Suppose -15 = -5*t, -7 = -u - 5*t + 9. Let c(b) = 22*b**2 + 0*b - 3 + 5 - b. What are the prime factors of c(u)?
23
Let i(b) = b**2 + b - 3. Let j be i(2). Suppose 5*a + l - 724 = 0, 2*a + 4*l + 128 = j*a. What are the prime factors of a?
2, 3
Suppose -4*i - 3*s = -i + 3, -5*s = -i + 5. Suppose y - 118 = -i*y. Let w = y - 72. What are the prime factors of w?
2, 23
Suppose -3*i + 0*i - 15 = 0. List the prime factors of 1 + i - 84/(-21) - -34.
2, 17
Let y(s) = -s**2 - 6*s + 19. Let b be y(-8). Suppose -b + 163 = 2*h. List the prime factors of h.
2, 5
Let h(a) be the first derivative of -a**2 + 62*a + 58. What are the prime factors of h(6)?
2, 5
Let l(p) = 4*p - 3. Let w be l(4). Let m = w - 23. Let j(t) = -t**2 - 12*t - 7. List the prime factors of j(m).
13
Suppose 3*z - 13 = c, c - 2*z = 3*c + 18. List the prime factors of (-194)/c - 16/40.
19
Let y = 418 - 282. Suppose y = -5*x + 9*x. What are the prime factors of x?
2, 17
Let l(h) be the second derivative of -h**5/20 - h**4/12 + h**3/3 - 2*h**2 + 9*h. Let j be l(-3). What are the prime factors of ((-12)/j + 3)*12?
2, 3
Let t = 5 + -11. What are the prime factors of t/(-8) + 123/12?
11
Suppose 2*k = -2*k + 332. Suppose 180 = 5*x + 2*t, 2*x + 2*t = -t + k. List the prime factors of x.
2, 17
Suppose r + 4*r + q = 40, 2*q + 18 = 4*r. Let o(a) = -r + 2*a - 4*a + 12*a. What are the prime factors of o(5)?
43
Suppose -3*i = i + 24. List the prime factors of (2/(-6))/(i/(-2052)*-3).
2, 19
Let o(d) = 172*d - 45. List the prime factors of o(5).
5, 163
Let s(q) be the second derivative of -q**5/20 - 3*q**4/4 + 9*q**3/2 - 8*q**2 - 3*q - 1. What are the prime factors of s(-12)?
2, 23
Let a = -229 - -260. What are the prime factors of a?
31
Let l(z) = 6*z**2 + 59*z - 30. What are the prime factors of l(-15)?
3, 5, 29
Suppose -5071 = -12*c + 9377. What are the prime factors of c?
2, 7, 43
Let o be 7 + 5 + 5 + -11. Let n(g) be the third derivative of g**4/8 - g**3/2 + g**2. List the prime factors of n(o).
3, 5
Suppose 6*p - 3*p + 36 = 0. Let t be 66/8 - (-3)/p. Suppose -3*q = -t*q + 45. List the prime factors of q.
3
Suppose 8*l - 45*l + 53872 = 0. What are the prime factors of l?
2, 7, 13
Let w = 25 + -21. Suppose -34 = -w*q + 50. Suppose 4*s - s = q. What are the prime factors of s?
7
Let x(g) = -3101*g + 73. What are the prime factors of x(-1)?
2, 3, 23
Let l(y) = 7*y**2 + y - 11. Suppose -8*d + 29 + 3 = 0. What are the prime factors of l(d)?
3, 5, 7
Let t(o) = -o**2 + 62*o - 128. List the prime factors of t(38).
2, 7
Suppose -3*p = -5*m - 490, -m - 66 - 32 = 5*p. List the prime factors of (-2814)/m - 4/(-14).
29
Let f = 21 - 8. Let q = f - 49. Let l = 48 + q. List the prime factors of l.
2, 3
Let y = -2593 + 5644. List the prime factors of y.
3, 113
List the prime factors of 2683 + -15 + (-9)/(-1).
2677
Suppose -6*s = 7*w - 10*w - 11298, -9385 = -5*s - 5*w. What are the prime factors of s?
3, 11, 19
Let t(f) = 5*f**2 - 2*f - 2. Let j be -2 - -2*4 - -1. Suppose 2*o = j*o + 15. List the prime factors of t(o).
7
Suppose -2*d + 12 = -0*d. Suppose -4*l + 16 = -5*x, x - d*x + 16 = 4*l. Suppose 56 = 2*v - 2*k, x = -2*k - k + 6. What are the prime factors of v?
2, 3, 5
Let k(h) = 2*h**2 - 16*h + 11. List the prime factors of k(13).
3, 47
Suppose 0 = 6*c - 3*c - 9. Suppose -c*s + 2 = l - 0, 0 = -4*s - 12. Suppose -2*g = -19 - l. What are the prime factors of g?
3, 5
Suppose -2*v - 4*v = 918. Let j = v - -265. What are the prime factors of j?
2, 7
What are the prime factors of (-3796)/(-12) - (6/6)/3?
2, 79
List the prime factors of ((-474)/(-18))/(1/3).
79
Suppose 2*n + 27000 = 17*n. What are the prime factors of n?
2, 3, 5
Suppose -17*z = -8*z - 1809. Suppose -k + 5*w = -136, k + 5*w = -15 + z. List the prime factors of k.
7, 23
Let z = -11 + 14. Suppose 3*s - 9 = 0, z*s + 3 = 3*q + 4*s. Suppose 2*n = -q*n, 3*x = n + 30. What are the prime factors of x?
2, 5
Let o = 24 + -26. What are the prime factors of o/6*(-1 - 278)?
3, 31
Let h(t) = -54*t + 150. What are the prime factors of h(-68)?
2, 3, 7, 13
Let g = -12 + 16. Suppose -g*b + 10 = b. Suppose b = z - 2*f, z + 2*z = -3*f + 15. What are the prime factors of z?
2
What are the prime factors of ((-4)/((-48)/76))/(2/246)?
19, 41
Let g = 201 + -299. Let j = g + 156. List the prime factors of j.
2, 29
List the prime factors of (-123)/(-1)*(12 + (1 - -5)).
2, 3, 41
List the prime factors of (-60 + 1735)/((-2)/(-2)).
5, 67
List the prime factors of (-1 + 3)/((-106)/(-19133)).
19
Suppose -2*a = -2 - 8. Suppose 0 = -a*m - 0*m - 35. What are the prime factors of m/7 + 1 + 4?
2
Let j(q) = 490*q + 2. Let f be j(-1). List the prime factors of 2/(-2) - f/8.
2, 3, 5
Suppose 2286 + 109 = 5*m. What are the prime factors of m?
479
Let n(k) = 186*k**2 + 5*k - 1. Let z be n(-3). Suppose 382 = 5*l - z. List the prime factors of (l/(-119))/(2/(-42)).
2, 3
Let z = -43 + 45. Suppose 3*x - 319 = -z*q, 0 = -q - q - x + 321. List the prime factors of q.
7, 23
Let m = -673 - -1004. List the prime factors of m.
331
Let n(y) = -y**2 + 4*y. Let w be n(3). Suppose d + 408 = w*s + 158, 4*s - 5*d - 315 = 0. List the prime factors of s.
5, 17
Let s(d) = 118*d - 15. What are the prime factors of s(4)?
457
Let u be ((-12)/8 - -1)*62. Let x = u + 114. What are the prime factors of x?
83
Suppose 7 = 4*u - 37. Let f = u - 9. Suppose 2*x - f*r + 7*r - 52 = 0, x + 4*r = 23. What are the prime factors of x?
31
Let z(x) = 3*x**2 + 7*x - 10. Let h be z(3). Suppose -4*q + h + 62 = -4*o, -5*q - 4*o = -116. What are the prime factors of q?
2, 3
Let t = 2797 + -1029. What are the prime factors of t?
2, 13, 17
Suppose -q - 2 - 163 = -5*f, -3*f - 5*q = -71. Let o = 25 - f. Let y(n) = n**2 - n + 16. List the prime factors of y(o).
2, 3
Let b = -20 - -12. Let i be (9*-1)/3 - b. Suppose 84 = i*v - 4*n, -v - 3*n + 12 = -20. List the prime factors of v.
2, 5
Let p = 17 + -26. Let o = p - -24. What are the prime factors of o?
3, 5
Let k(r) = 3*r - 22. Let w be k(6). Let q(f) = f**3 + 5*f**2 + 2*f + 5. List the prime factors of q(w).
13
Let o(g) = -16*g**3 - g. Let p = -8 - -6. Let j be o(p). Let l = j + -82. What are the prime factors of l?
2, 3
Let k be (63/36)/(1/24). What are the prime factors of (-50)/(-4) - (-21)/k?
13
Suppose -k + 1 = 2*b - 32, -4*k + 158 = -5*b. Let c = 87 - k. What are the prime factors of c?
2, 5
Suppose -8 = -4*l - 0. Suppose -l*r = -5*b + 148 - 38, 2*r = -10. What are the prime factors of (b + -2)/(5 + -4)?
2, 3
Suppose 3*j + 4 = 10. Let w be 6/(3 + 220/(-76)). Suppose -w = -j*p - 11. List the prime factors of p.
23
Let p = 424 + -319. Suppose -5*u - 10 = 0, b + 4*u + 318 = -4*b. Let w = p + b. List the prime factors of w.
43
Suppose 854 = 3*i - 2218. List the prime factors of i.
2
Suppose -4542 - 4757 = -17*n. What are the prime factors of n?
547
Suppose -d = 3*s - 4*d - 14484, -2*s - 4*d + 9644 = 0. What are the prime factors of s?
2, 19, 127
What are the prime factors of (-2)/(-10) + (-235704)/(-280)?
2, 421
Let u = 135 - 76. Let o = 22 + u. What are the prime factors of o?
3
Suppose 3*i + 2*i - 15 = 0. Suppose -i*y - v - 5 - 24 = 0, 5*y - 4*v + 20 = 0. List the prime factors of 1/(-4) - 178/y.
2, 11
Suppose 0 = 2*n - 0*n - 278. Suppose -4*v + n = 5*q, -5*v + 3*q = -2*q - 230. List the prime factors of v.
41
Suppose -4*y + 176 = 3*d, -5*y + 4*y - 181 = -3*d. Suppose 17 - d = -n. List the prime factors of n.
43
Suppose -2*f + 0*g + 6 = -3*g, 0 = -2*f + 5*g + 6. Let a(i) = -i**3 + 2*i**2 + 4*i - 1. Let j be a(f). What are the prime factors of j/(-5) - (-297)/55?
5
Let y(d) = d**2 + 50*d - 51*d + 4 + 19. List the prime factors of y(-11).
5, 31
Let c = -1180 - -515. Let z be 4/(-6) + c/(-21). Let h = z + -16. List the prime factors of h.
3, 5
Let d = 8 + -6. Let m(s) = 4*s**2 + 22*s + 138. Let i be m(-10). Suppose 6*j - d*j - 2*c = i, -5*c = -25. What are the prime factors of j?
2, 41
Suppose -167*s + 169*s = 670. List the prime factors of s.
5, 67
Let t(c) = c**3 + 10*c**2 - 11*c + 7. Let x be t(-11). Let a = x + -3. What are the prime factors of -4*(-26)/a + -3?
23
List the prime factors of 2367942/2898 + (-4)/42.
19, 43
Suppose -18 = c - 0. Let x be (c/5)/((-5)/25). Suppose x = 4*y - 14. What are the prime factors of y?
2
Let s = 19 + -34. What are the pri